osite?
True
Is 116677 composite?
True
Is 1068469 a prime number?
True
Is 170953 a composite number?
False
Is 39505 a composite number?
True
Is 10687 prime?
True
Is 168673 a composite number?
False
Is 229739 a prime number?
True
Is 233021 a prime number?
True
Is 9491 a prime number?
True
Is 295489 a prime number?
False
Is 6029 a prime number?
True
Is 6007 a prime number?
True
Is 5699 prime?
False
Is 128747 prime?
True
Is 1366459 composite?
False
Is 198461 composite?
False
Is 49807 prime?
True
Is 63445 a composite number?
True
Is 814741 prime?
True
Is 21971 a composite number?
True
Is 132213 a prime number?
False
Is 3947 a prime number?
True
Is 212811 composite?
True
Is 8023 a composite number?
True
Is 25199 prime?
False
Is 44449 composite?
False
Is 39683 prime?
False
Is 9587 composite?
False
Is 231503 composite?
False
Is 335819 prime?
False
Is 168247 a composite number?
False
Is 377149 composite?
True
Is 204407 prime?
False
Is 28877 a prime number?
False
Is 3659 composite?
False
Is 679289 a composite number?
True
Is 6379 a prime number?
True
Is 311737 a composite number?
False
Is 11549 prime?
True
Is 646067 a composite number?
False
Is 668353 a composite number?
True
Is 3293 composite?
True
Is 63637 composite?
True
Is 3067 composite?
False
Is 24937 prime?
False
Is 134171 a composite number?
False
Is 1277 composite?
False
Is 77171 prime?
True
Is 510611 a composite number?
False
Is 134297 a composite number?
True
Is 18545 a composite number?
True
Is 85619 prime?
True
Is 248473 a prime number?
True
Is 570169 composite?
True
Is 150473 a composite number?
False
Is 26797 composite?
True
Is 6753 a composite number?
True
Is 268069 prime?
True
Is 11717 prime?
True
Is 1061 composite?
False
Is 3326347 a prime number?
True
Is 281989 composite?
False
Is 93463 a composite number?
False
Is 2987 a composite number?
True
Is 1766543 a prime number?
False
Is 111301 prime?
True
Is 20017 a composite number?
True
Is 10811 a prime number?
False
Is 3163 prime?
True
Is 54941 composite?
False
Is 2117 a composite number?
True
Is 12413521 prime?
True
Is 23227 a prime number?
True
Is 78121 prime?
True
Is 8779 a composite number?
False
Is 12269 prime?
True
Is 1960867 composite?
False
Is 953 a prime number?
True
Is 4408073 prime?
True
Is 49103 prime?
True
Is 703051 a composite number?
True
Is 8641 composite?
False
Is 5299 prime?
False
Is 50143 prime?
False
Is 1128349 a prime number?
True
Is 328609 composite?
True
Is 304597 a composite number?
False
Is 42209 composite?
False
Is 19347 prime?
False
Is 490843 composite?
True
Is 300385 composite?
True
Is 35363 a composite number?
False
Is 6457 a composite number?
True
Is 407449 composite?
True
Is 123169 prime?
True
Is 4289 a prime number?
True
Is 8951 prime?
True
Is 931499 a composite number?
False
Is 7921 a prime number?
False
Is 32459 composite?
True
Is 854809 a prime number?
False
Is 15815 composite?
True
Is 98573 a prime number?
True
Is 239231 a prime number?
True
Is 5557 a prime number?
True
Is 1507 a composite number?
True
Is 2609 a composite number?
False
Is 20827 prime?
False
Is 146449 a composite number?
False
Is 16649 composite?
False
Is 51031 composite?
False
Is 160309 composite?
False
Is 14351 prime?
False
Is 1052449 prime?
False
Is 69767 prime?
True
Is 2453 composite?
True
Is 5779 a prime number?
True
Is 1464591 a composite number?
True
Is 8989 a prime number?
False
Is 1795 prime?
False
Is 27781 a prime number?
False
Is 19563 prime?
False
Is 21377 a prime number?
True
Is 28961 a prime number?
True
Is 185509 composite?
True
Is 4643 a prime number?
True
Is 13751 prime?
True
Is 466321 composite?
False
Is 112909 composite?
False
Is 6353 prime?
True
Is 68351 a composite number?
False
Is 188779 prime?
True
Is 82831 prime?
False
Is 1403191 a prime number?
False
Is 2006711 prime?
False
Is 635 composite?
True
Is 4406 a prime number?
False
Is 5216845 a prime number?
False
Is 5914 composite?
True
Is 5209 prime?
True
Is 543769 a prime number?
True
Is 128461 prime?
True
Is 1399 a prime number?
True
Is 19457 a prime number?
True
Is 1909 prime?
False
Is 1008543 composite?
True
Is 32245 a composite number?
True
Is 24019 prime?
True
Is 1733 a composite number?
False
Is 24221 a composite number?
True
Is 758803 composite?
True
Is 423121 a prime number?
True
Is 35279 a prime number?
True
Is 40309 composite?
True
Is 4811 prime?
False
Is 31357 composite?
False
Is 652493 a prime number?
True
Is 46559 a prime number?
True
Is 6901 a prime number?
False
Is 16603 composite?
False
Is 128227 a prime number?
False
Is 38431 a composite number?
False
Is 139037 a prime number?
False
Is 764914 composite?
True
Is 1821623 composite?
True
Is 6733 a composite number?
False
Is 211597 composite?
False
Is 15909 prime?
False
Is 140977 a prime number?
True
Is 24281 a prime number?
True
Is 46807 a prime number?
True
Is 9411 composite?
True
Is 16034 a composite number?
True
Is 14131 a composite number?
True
Is 4319 a prime number?
False
Is 9637 prime?
False
Is 181783 a composite number?
True
Is 1845751 a composite number?
False
Is 17254 prime?
False
Is 807797 prime?
True
Is 877 a prime number?
True
Is 4039367 prime?
True
Is 97 composite?
False
Is 45538 a composite number?
True
Is 25337 a composite number?
True
Is 16997 composite?
True
Is 7762 composite?
True
Is 13511 composite?
True
Is 176569 prime?
False
Is 120709 a composite number?
False
Is 7573 a composite number?
False
Is 3221 prime?
True
Is 8419 a composite number?
False
Is 4843 a prime number?
False
Is 19882 prime?
False
Is 584669 composite?
True
Is 409 prime?
True
Is 28429 a composite number?
False
Is 1748697 composite?
True
Is 53953 composite?
True
Is 1285363 prime?
False
Is 1102459 a prime number?
False
Is 19531 prime?
True
Is 430607 composite?
True
Is 17943 a composite number?
True
Is 6971 composite?
False
Is 19563 a prime number?
False
Is 1282 prime?
False
Is 22309 prime?
False
Is 84974 a prime number?
False
Is 20653 a prime number?
False
Is 259397 a composite number?
False
Is 2777 a composite number?
False
Is 10081 prime?
False
Is 39449 a composite number?
True
Is 94769 a composite number?
True
Is 1070473 prime?
False
Is 10427 composite?
False
Is 4963 composite?
True
Is 834181 composite?
False
Is 4853 a prime number?
False
Is 255643 a prime number?
False
Is 400559 prime?
True
Is 62581 prime?
True
Is 15877 prime?
True
Is 15901 composite?
False
Is 191287 prime?
False
Is 380981 composite?
True
Is 10522 composite?
True
Is 36089 prime?
False
Is 5167 composite?
False
Is 227363 a composite number?
False
Is 13367 a prime number?
True
Is 6227 a prime number?
False
Is 147689 a prime number?
True
Is 765293 a composite number?
False
Is 33739 a prime number?
True
Is 44261 a composite number?
True
Is 6944111 prime?
True
Is 30983 prime?
True
Is 10831 a composite number?
False
Is 439219 a prime number?
False
Is 32183 a prime number?
True
Is 52667 a composite number?
False
Is 469847 composite?
True
Is 11989 composite?
True
Is 2833343 prime?
True
Is 435709 a composite number?
False
Is 548071 a composite number?
True
Is 279109 composite?
False
Is 181549 a prime number?
True
Is 62171 a composite number?
False
Is 129407 a prime number?
False
Is 89867 a prime number?
True
Is 16811 composite?
False
Is 13147 a prime number?
True
Is 230245 a prime number?
False
Is 26171 prime?
True
Is 8913 prime?
False
Is 21431 a prime number?
False
Is 2122 a composite number?
True
Is 41489 composite?
True
Is 21509 composite?
True
Is 558403 a composite number?
True
Is 12515 a prime number?
False
Is 331207 a composite number?
False
Is 42587 composite?
True
Is 253 composite?
True
Is 555143 a prime number?
True
Is 11771 a composite number?
True
Is 754321 prime?
False
Is 73121 composite?
False
Is 461485 prime?
False
Is 358963 prime?
False
Is 214759 a composite number?
False
Is 55967 a composite number?
False
Is 45949 a prime number?
True
Is 273503 composite?
False
Is 22481 a composite number?
False
Is 2779 prime?
False
Is 1006023 composite?
True
Is 467413 prime?
False
Is 73999 a prime number?
True
Is 105517 a prime number?
True
Is 797 a composite number?
False
Is 310457 a prime number?
False
Is 87103 prime?
True
Is 11435 prime?
False
Is 2528467 prime?
False
Is 70607 a composite number?
False
Is 106919 prime?
False
Is 12053 a prime number?